{"id":10,"date":"2021-04-16T14:14:37","date_gmt":"2021-04-16T12:14:37","guid":{"rendered":"https:\/\/www.fullstory-media.com\/marknadsforing\/?page_id=10"},"modified":"2025-03-06T11:46:00","modified_gmt":"2025-03-06T10:46:00","slug":"marknadsforing","status":"publish","type":"page","link":"https:\/\/www.fullstory-media.com\/marknadsforing\/","title":{"rendered":"Hem"},"content":{"rendered":"[et_pb_section fb_built=&#8221;1&#8243; admin_label=&#8221;Intro med h2:a&#8221; _builder_version=&#8221;4.16&#8243; _module_preset=&#8221;default&#8221; background_enable_color=&#8221;off&#8221; custom_padding=&#8221;||6px|||&#8221; global_colors_info=&#8221;{}&#8221;][et_pb_row _builder_version=&#8221;4.16&#8243; _module_preset=&#8221;default&#8221; max_width=&#8221;600px&#8221; module_alignment=&#8221;center&#8221; global_colors_info=&#8221;{}&#8221;][et_pb_column type=&#8221;4_4&#8243; _builder_version=&#8221;4.16&#8243; _module_preset=&#8221;default&#8221; global_colors_info=&#8221;{}&#8221;][et_pb_text _builder_version=&#8221;4.23&#8243; _module_preset=&#8221;default&#8221; text_orientation=&#8221;justified&#8221; hover_enabled=&#8221;0&#8243; global_colors_info=&#8221;{}&#8221; sticky_enabled=&#8221;0&#8243;]\n<h1 class=\"intro\" style=\"text-align: center;\">Syns med inneh\u00e5ll som ber\u00f6r<\/h1>\n<p>Jag jobbar med marknadsf\u00f6ring med fokus p\u00e5 inneh\u00e5ll som ber\u00f6r, underh\u00e5ller, informerar och utmanar. I mig f\u00e5r du b\u00e5de en generalist och specialist. Allround inom marknadsf\u00f6ring. Specialist n\u00e4r det g\u00e4ller inneh\u00e5llsskapande. I ord, bild och film. Jag utmanar och lyssnar. \u00c4r lika delar strategi som den utf\u00f6rande. F\u00f6r uppdragsgivare s\u00e5som <a href=\"http:\/\/www.netflix.com\">Netflix<\/a>, <a href=\"http:\/\/amazon.com\">Amazon, <\/a><a href=\"http:\/\/canon-europe.com\">Canon Europe,<\/a> lokala f\u00f6retag och ideella organisationer lyfter jag ert varum\u00e4rke. Jag jobbar lokalt och internationellt och inget \u00e4r f\u00f6r stort eller f\u00f6r litet.<\/p>\n[\/et_pb_text][\/et_pb_column][\/et_pb_row][\/et_pb_section][et_pb_section fb_built=&#8221;1&#8243; admin_label=&#8221;Puffar&#8221; module_class=&#8221;home-blurbs&#8221; _builder_version=&#8221;4.16&#8243; _module_preset=&#8221;default&#8221; locked=&#8221;off&#8221; global_colors_info=&#8221;{}&#8221;][et_pb_row column_structure=&#8221;1_3,1_3,1_3&#8243; use_custom_gutter=&#8221;on&#8221; gutter_width=&#8221;3&#8243; make_equal=&#8221;on&#8221; _builder_version=&#8221;4.16&#8243; _module_preset=&#8221;default&#8221; global_colors_info=&#8221;{}&#8221;][et_pb_column type=&#8221;1_3&#8243; _builder_version=&#8221;4.16&#8243; _module_preset=&#8221;default&#8221; global_colors_info=&#8221;{}&#8221;][et_pb_code _builder_version=&#8221;4.16&#8243; _module_preset=&#8221;default&#8221; custom_margin=&#8221;||11px||false|false&#8221; custom_padding=&#8221;||11px||false|false&#8221; global_colors_info=&#8221;{}&#8221;]<iframe loading=\"lazy\" src=\"https:\/\/player.vimeo.com\/video\/594617811?autoplay=1&#038;loop=1&#038;autopause=0&#038;muted=1\" width=\"640\" height=\"360\" frameborder=\"0\" allow=\"autoplay; fullscreen\" allowfullscreen><\/iframe>[\/et_pb_code][et_pb_blurb title=&#8221;Cases  | Uppdrag&#8221; _builder_version=&#8221;4.16&#8243; _module_preset=&#8221;default&#8221; header_text_align=&#8221;center&#8221; text_orientation=&#8221;justified&#8221; link_option_url=&#8221;\/marknadsforing\/cases\/&#8221; global_colors_info=&#8221;{}&#8221;]\n<p>Se tidigare uppdragsgivare som visar hur jag ber\u00e4ttar, l\u00e4gger upp en strategi eller genomf\u00f6r en kampanj. Bland kunder finns alltifr\u00e5n <a href=\"http:\/\/www.netflix.com\">Netflix<\/a>, <a href=\"http:\/\/amazon.com\">Amazon<\/a> och <a href=\"http:\/\/canon-europe.com\">Canon Europe<\/a> till lokala f\u00f6retag och ideella organisationer. Inget \u00e4r f\u00f6r stort eller f\u00f6r litet.<\/p>\n[\/et_pb_blurb][et_pb_button button_url=&#8221;\/marknadsforing\/cases\/&#8221; button_text=&#8221;L\u00e4s mer&#8221; button_alignment=&#8221;center&#8221; module_class=&#8221;read-more&#8221; _builder_version=&#8221;4.18.0&#8243; _module_preset=&#8221;default&#8221; global_colors_info=&#8221;{}&#8221;][\/et_pb_button][\/et_pb_column][et_pb_column type=&#8221;1_3&#8243; _builder_version=&#8221;4.16&#8243; _module_preset=&#8221;default&#8221; global_colors_info=&#8221;{}&#8221;][et_pb_image src=&#8221;https:\/\/www.fullstory-media.com\/marknadsforing\/wp-content\/uploads\/sites\/2\/2023\/11\/Coach-Spiideo.png&#8221; title_text=&#8221;Coach &#8211; Spiideo&#8221; show_bottom_space=&#8221;off&#8221; align=&#8221;center&#8221; force_fullwidth=&#8221;on&#8221; _builder_version=&#8221;4.23&#8243; _module_preset=&#8221;default&#8221; custom_padding=&#8221;||11px||false|false&#8221; global_colors_info=&#8221;{}&#8221;][\/et_pb_image][et_pb_blurb title=&#8221;Tj\u00e4nster&#8221; _builder_version=&#8221;4.18.0&#8243; _module_preset=&#8221;default&#8221; header_text_align=&#8221;center&#8221; text_orientation=&#8221;justified&#8221; link_option_url=&#8221;\/marknadsforing\/tjanster\/&#8221; global_colors_info=&#8221;{}&#8221;]\n<p>Varum\u00e4rkesresor. Content marketing. Att skapa kampanjer. Text, foto och filmproduktion. F\u00f6r sociala kanaler, nyhetsbrev, artiklar eller annonser. Jag \u00e4r en marknadsf\u00f6ringsgeneralist med fokus p\u00e5 inneh\u00e5llsskapande som ger merv\u00e4rde.<\/p>\n[\/et_pb_blurb][et_pb_button button_url=&#8221;\/marknadsforing\/tjanster\/&#8221; button_text=&#8221;L\u00e4s mer&#8221; button_alignment=&#8221;center&#8221; module_class=&#8221;read-more&#8221; _builder_version=&#8221;4.16&#8243; _module_preset=&#8221;default&#8221; global_colors_info=&#8221;{}&#8221;][\/et_pb_button][\/et_pb_column][et_pb_column type=&#8221;1_3&#8243; _builder_version=&#8221;4.16&#8243; _module_preset=&#8221;default&#8221; global_colors_info=&#8221;{}&#8221;][et_pb_image src=&#8221;https:\/\/www.fullstory-media.com\/marknadsforing\/wp-content\/uploads\/sites\/2\/2021\/08\/A-M-570&#215;320-1.png&#8221; title_text=&#8221;A-M 570&#215;320&#8243; show_bottom_space=&#8221;off&#8221; align=&#8221;center&#8221; force_fullwidth=&#8221;on&#8221; _builder_version=&#8221;4.16&#8243; _module_preset=&#8221;default&#8221; custom_padding=&#8221;||11px||false|false&#8221; global_colors_info=&#8221;{}&#8221;][\/et_pb_image][et_pb_blurb title=&#8221;Om Mig&#8221; _builder_version=&#8221;4.18.0&#8243; _module_preset=&#8221;default&#8221; header_text_align=&#8221;center&#8221; text_orientation=&#8221;justified&#8221; link_option_url=&#8221;\/marknadsforing\/om-mig&#8221; global_colors_info=&#8221;{}&#8221;]\n<p>Jag anpassar mig snabbt och g\u00e5r in varje nytt uppdrag med samma entusiasm. Inget \u00e4r f\u00f6r komplicerat, f\u00f6r snabbt eller f\u00f6r konstigt. Men mycket \u00e4r sp\u00e4nnande. Min nyfikenhet, inlevelsef\u00f6rm\u00e5ga och mitt driv \u00e4r starka punkter. Och jag ser till att vi har roligt tillsammans.<\/p>\n[\/et_pb_blurb][et_pb_button button_url=&#8221;\/marknadsforing\/om-mig\/&#8221; button_text=&#8221;L\u00e4s mer&#8221; button_alignment=&#8221;center&#8221; module_class=&#8221;read-more&#8221; _builder_version=&#8221;4.16&#8243; _module_preset=&#8221;default&#8221; global_colors_info=&#8221;{}&#8221;][\/et_pb_button][\/et_pb_column][\/et_pb_row][\/et_pb_section][et_pb_section fb_built=&#8221;1&#8243; admin_label=&#8221;CTA&#8221; _builder_version=&#8221;4.16&#8243; _module_preset=&#8221;default&#8221; use_background_color_gradient=&#8221;on&#8221; background_color_gradient_stops=&#8221;rgba(0,0,0,0.92) 0%|rgba(0,0,0,0.92) 100%&#8221; background_color_gradient_overlays_image=&#8221;on&#8221; background_color_gradient_start=&#8221;rgba(0,0,0,0.92)&#8221; background_color_gradient_end=&#8221;rgba(0,0,0,0.92)&#8221; background_enable_image=&#8221;off&#8221; background_video_mp4=&#8221;https:\/\/www.fullstory-media.com\/marknadsforing\/wp-content\/uploads\/sites\/2\/2021\/05\/road-720-fast.mp4&#8243; global_colors_info=&#8221;{}&#8221;][et_pb_row _builder_version=&#8221;4.16&#8243; _module_preset=&#8221;default&#8221; max_width=&#8221;600px&#8221; max_width_tablet=&#8221;480px&#8221; max_width_phone=&#8221;92%&#8221; max_width_last_edited=&#8221;on|phone&#8221; module_alignment=&#8221;center&#8221; global_colors_info=&#8221;{}&#8221;][et_pb_column type=&#8221;4_4&#8243; _builder_version=&#8221;4.16&#8243; _module_preset=&#8221;default&#8221; global_colors_info=&#8221;{}&#8221;][et_pb_text _builder_version=&#8221;4.16&#8243; _module_preset=&#8221;default&#8221; text_orientation=&#8221;center&#8221; background_layout=&#8221;dark&#8221; global_colors_info=&#8221;{}&#8221;]\n<p>Ibland \u00e4r det br\u00e5ttom och ibland m\u00e5ste du planera fram\u00e5t. Oavsett situation &#8211; h\u00f6r av dig.<\/p>\n[\/et_pb_text][et_pb_button button_url=&#8221;\/marknadsforing\/kontakt\/&#8221; button_text=&#8221;Kontakt&#8221; button_alignment=&#8221;center&#8221; module_class=&#8221;read-more-white&#8221; _builder_version=&#8221;4.16&#8243; _module_preset=&#8221;default&#8221; global_colors_info=&#8221;{}&#8221;][\/et_pb_button][\/et_pb_column][\/et_pb_row][\/et_pb_section]\n","protected":false},"excerpt":{"rendered":"<p>Syns med inneh\u00e5ll som ber\u00f6r Jag jobbar med marknadsf\u00f6ring med fokus p\u00e5 inneh\u00e5ll som ber\u00f6r, underh\u00e5ller, informerar och utmanar. I mig f\u00e5r du b\u00e5de en generalist och specialist. Allround inom marknadsf\u00f6ring. Specialist n\u00e4r det g\u00e4ller inneh\u00e5llsskapande. I ord, bild och film. Jag utmanar och lyssnar. \u00c4r lika delar strategi som den utf\u00f6rande. F\u00f6r uppdragsgivare s\u00e5som [&hellip;]<\/p>\n","protected":false},"author":1,"featured_media":1991,"parent":0,"menu_order":0,"comment_status":"closed","ping_status":"closed","template":"","meta":{"_et_pb_use_builder":"on","_et_pb_old_content":"","_et_gb_content_width":"","footnotes":""},"class_list":["post-10","page","type-page","status-publish","has-post-thumbnail","hentry"],"yoast_head":"<!-- This site is optimized with the Yoast SEO plugin v27.2 - https:\/\/yoast.com\/product\/yoast-seo-wordpress\/ -->\n<title>Marknadsf\u00f6ring med fokus p\u00e5 innovativt inneh\u00e5ll | Full Story Media<\/title>\n<meta name=\"description\" content=\"Marknadsf\u00f6ring f\u00f6r kunder som Netflix &amp; Amazon. \u00c4r lika delar strategi som den utf\u00f6rande. Alltid fokus p\u00e5 inneh\u00e5ll som konverterar.\" \/>\n<meta name=\"robots\" content=\"index, follow, max-snippet:-1, max-image-preview:large, max-video-preview:-1\" \/>\n<link rel=\"canonical\" href=\"https:\/\/www.fullstory-media.com\/marknadsforing\/\" \/>\n<meta property=\"og:locale\" content=\"sv_SE\" \/>\n<meta property=\"og:type\" content=\"article\" \/>\n<meta property=\"og:title\" content=\"Marknadsf\u00f6ring med fokus p\u00e5 innovativt inneh\u00e5ll | Full Story Media\" \/>\n<meta property=\"og:description\" content=\"Marknadsf\u00f6ring f\u00f6r kunder som Netflix &amp; Amazon. \u00c4r lika delar strategi som den utf\u00f6rande. Alltid fokus p\u00e5 inneh\u00e5ll som konverterar.\" \/>\n<meta property=\"og:url\" content=\"https:\/\/www.fullstory-media.com\/marknadsforing\/\" \/>\n<meta property=\"og:site_name\" content=\"Marknadsf\u00f6ring\" \/>\n<meta property=\"article:modified_time\" content=\"2025-03-06T10:46:00+00:00\" \/>\n<meta property=\"og:image\" content=\"https:\/\/www.fullstory-media.com\/marknadsforing\/wp-content\/uploads\/sites\/2\/2023\/11\/Marketing-foto.jpg\" \/>\n\t<meta property=\"og:image:width\" content=\"1200\" \/>\n\t<meta property=\"og:image:height\" content=\"628\" \/>\n\t<meta property=\"og:image:type\" content=\"image\/jpeg\" \/>\n<meta name=\"twitter:card\" content=\"summary_large_image\" \/>\n<meta name=\"twitter:site\" content=\"@fullstorymedia\" \/>\n<meta name=\"twitter:label1\" content=\"Ber\u00e4knad l\u00e4stid\" \/>\n\t<meta name=\"twitter:data1\" content=\"2 minuter\" \/>\n<script type=\"application\/ld+json\" class=\"yoast-schema-graph\">{\"@context\":\"https:\/\/schema.org\",\"@graph\":[{\"@type\":\"WebPage\",\"@id\":\"https:\/\/www.fullstory-media.com\/marknadsforing\/\",\"url\":\"https:\/\/www.fullstory-media.com\/marknadsforing\/\",\"name\":\"Marknadsf\u00f6ring med fokus p\u00e5 innovativt inneh\u00e5ll | Full Story Media\",\"isPartOf\":{\"@id\":\"https:\/\/www.fullstory-media.com\/marknadsforing\/#website\"},\"primaryImageOfPage\":{\"@id\":\"https:\/\/www.fullstory-media.com\/marknadsforing\/#primaryimage\"},\"image\":{\"@id\":\"https:\/\/www.fullstory-media.com\/marknadsforing\/#primaryimage\"},\"thumbnailUrl\":\"https:\/\/www.fullstory-media.com\/marknadsforing\/wp-content\/uploads\/sites\/2\/2023\/11\/Marketing-foto.jpg\",\"datePublished\":\"2021-04-16T12:14:37+00:00\",\"dateModified\":\"2025-03-06T10:46:00+00:00\",\"description\":\"Marknadsf\u00f6ring f\u00f6r kunder som Netflix & Amazon. \u00c4r lika delar strategi som den utf\u00f6rande. Alltid fokus p\u00e5 inneh\u00e5ll som konverterar.\",\"breadcrumb\":{\"@id\":\"https:\/\/www.fullstory-media.com\/marknadsforing\/#breadcrumb\"},\"inLanguage\":\"sv-SE\",\"potentialAction\":[{\"@type\":\"ReadAction\",\"target\":[\"https:\/\/www.fullstory-media.com\/marknadsforing\/\"]}]},{\"@type\":\"ImageObject\",\"inLanguage\":\"sv-SE\",\"@id\":\"https:\/\/www.fullstory-media.com\/marknadsforing\/#primaryimage\",\"url\":\"https:\/\/www.fullstory-media.com\/marknadsforing\/wp-content\/uploads\/sites\/2\/2023\/11\/Marketing-foto.jpg\",\"contentUrl\":\"https:\/\/www.fullstory-media.com\/marknadsforing\/wp-content\/uploads\/sites\/2\/2023\/11\/Marketing-foto.jpg\",\"width\":1200,\"height\":628,\"caption\":\"Marknadsf\u00f6ring med fokus p\u00e5 inneh\u00e5ll som konverterar\"},{\"@type\":\"BreadcrumbList\",\"@id\":\"https:\/\/www.fullstory-media.com\/marknadsforing\/#breadcrumb\",\"itemListElement\":[{\"@type\":\"ListItem\",\"position\":1,\"name\":\"Home\",\"item\":\"https:\/\/www.fullstory-media.com\/marknadsforing\/\"},{\"@type\":\"ListItem\",\"position\":2,\"name\":\"Hem\"}]},{\"@type\":\"WebSite\",\"@id\":\"https:\/\/www.fullstory-media.com\/marknadsforing\/#website\",\"url\":\"https:\/\/www.fullstory-media.com\/marknadsforing\/\",\"name\":\"Marknadsf\u00f6ring\",\"description\":\"\u00c4nnu en webbplats hos Full Story Media-webbplatser\",\"publisher\":{\"@id\":\"https:\/\/www.fullstory-media.com\/marknadsforing\/#organization\"},\"potentialAction\":[{\"@type\":\"SearchAction\",\"target\":{\"@type\":\"EntryPoint\",\"urlTemplate\":\"https:\/\/www.fullstory-media.com\/marknadsforing\/?s={search_term_string}\"},\"query-input\":{\"@type\":\"PropertyValueSpecification\",\"valueRequired\":true,\"valueName\":\"search_term_string\"}}],\"inLanguage\":\"sv-SE\"},{\"@type\":\"Organization\",\"@id\":\"https:\/\/www.fullstory-media.com\/marknadsforing\/#organization\",\"name\":\"Full Story Media\",\"url\":\"https:\/\/www.fullstory-media.com\/marknadsforing\/\",\"logo\":{\"@type\":\"ImageObject\",\"inLanguage\":\"sv-SE\",\"@id\":\"https:\/\/www.fullstory-media.com\/marknadsforing\/#\/schema\/logo\/image\/\",\"url\":\"https:\/\/www.fullstory-media.com\/marknadsforing\/wp-content\/uploads\/sites\/2\/2021\/10\/Logga.png\",\"contentUrl\":\"https:\/\/www.fullstory-media.com\/marknadsforing\/wp-content\/uploads\/sites\/2\/2021\/10\/Logga.png\",\"width\":721,\"height\":211,\"caption\":\"Full Story Media\"},\"image\":{\"@id\":\"https:\/\/www.fullstory-media.com\/marknadsforing\/#\/schema\/logo\/image\/\"},\"sameAs\":[\"https:\/\/x.com\/fullstorymedia\",\"https:\/\/www.instagram.com\/annamaria_magnusson\/\",\"https:\/\/www.linkedin.com\/in\/annamariamagnusson\/\"]}]}<\/script>\n<!-- \/ Yoast SEO plugin. -->","yoast_head_json":{"title":"Marknadsf\u00f6ring med fokus p\u00e5 innovativt inneh\u00e5ll | Full Story Media","description":"Marknadsf\u00f6ring f\u00f6r kunder som Netflix & Amazon. \u00c4r lika delar strategi som den utf\u00f6rande. Alltid fokus p\u00e5 inneh\u00e5ll som konverterar.","robots":{"index":"index","follow":"follow","max-snippet":"max-snippet:-1","max-image-preview":"max-image-preview:large","max-video-preview":"max-video-preview:-1"},"canonical":"https:\/\/www.fullstory-media.com\/marknadsforing\/","og_locale":"sv_SE","og_type":"article","og_title":"Marknadsf\u00f6ring med fokus p\u00e5 innovativt inneh\u00e5ll | Full Story Media","og_description":"Marknadsf\u00f6ring f\u00f6r kunder som Netflix & Amazon. \u00c4r lika delar strategi som den utf\u00f6rande. Alltid fokus p\u00e5 inneh\u00e5ll som konverterar.","og_url":"https:\/\/www.fullstory-media.com\/marknadsforing\/","og_site_name":"Marknadsf\u00f6ring","article_modified_time":"2025-03-06T10:46:00+00:00","og_image":[{"width":1200,"height":628,"url":"https:\/\/www.fullstory-media.com\/marknadsforing\/wp-content\/uploads\/sites\/2\/2023\/11\/Marketing-foto.jpg","type":"image\/jpeg"}],"twitter_card":"summary_large_image","twitter_site":"@fullstorymedia","twitter_misc":{"Ber\u00e4knad l\u00e4stid":"2 minuter"},"schema":{"@context":"https:\/\/schema.org","@graph":[{"@type":"WebPage","@id":"https:\/\/www.fullstory-media.com\/marknadsforing\/","url":"https:\/\/www.fullstory-media.com\/marknadsforing\/","name":"Marknadsf\u00f6ring med fokus p\u00e5 innovativt inneh\u00e5ll | Full Story Media","isPartOf":{"@id":"https:\/\/www.fullstory-media.com\/marknadsforing\/#website"},"primaryImageOfPage":{"@id":"https:\/\/www.fullstory-media.com\/marknadsforing\/#primaryimage"},"image":{"@id":"https:\/\/www.fullstory-media.com\/marknadsforing\/#primaryimage"},"thumbnailUrl":"https:\/\/www.fullstory-media.com\/marknadsforing\/wp-content\/uploads\/sites\/2\/2023\/11\/Marketing-foto.jpg","datePublished":"2021-04-16T12:14:37+00:00","dateModified":"2025-03-06T10:46:00+00:00","description":"Marknadsf\u00f6ring f\u00f6r kunder som Netflix & Amazon. \u00c4r lika delar strategi som den utf\u00f6rande. Alltid fokus p\u00e5 inneh\u00e5ll som konverterar.","breadcrumb":{"@id":"https:\/\/www.fullstory-media.com\/marknadsforing\/#breadcrumb"},"inLanguage":"sv-SE","potentialAction":[{"@type":"ReadAction","target":["https:\/\/www.fullstory-media.com\/marknadsforing\/"]}]},{"@type":"ImageObject","inLanguage":"sv-SE","@id":"https:\/\/www.fullstory-media.com\/marknadsforing\/#primaryimage","url":"https:\/\/www.fullstory-media.com\/marknadsforing\/wp-content\/uploads\/sites\/2\/2023\/11\/Marketing-foto.jpg","contentUrl":"https:\/\/www.fullstory-media.com\/marknadsforing\/wp-content\/uploads\/sites\/2\/2023\/11\/Marketing-foto.jpg","width":1200,"height":628,"caption":"Marknadsf\u00f6ring med fokus p\u00e5 inneh\u00e5ll som konverterar"},{"@type":"BreadcrumbList","@id":"https:\/\/www.fullstory-media.com\/marknadsforing\/#breadcrumb","itemListElement":[{"@type":"ListItem","position":1,"name":"Home","item":"https:\/\/www.fullstory-media.com\/marknadsforing\/"},{"@type":"ListItem","position":2,"name":"Hem"}]},{"@type":"WebSite","@id":"https:\/\/www.fullstory-media.com\/marknadsforing\/#website","url":"https:\/\/www.fullstory-media.com\/marknadsforing\/","name":"Marknadsf\u00f6ring","description":"\u00c4nnu en webbplats hos Full Story Media-webbplatser","publisher":{"@id":"https:\/\/www.fullstory-media.com\/marknadsforing\/#organization"},"potentialAction":[{"@type":"SearchAction","target":{"@type":"EntryPoint","urlTemplate":"https:\/\/www.fullstory-media.com\/marknadsforing\/?s={search_term_string}"},"query-input":{"@type":"PropertyValueSpecification","valueRequired":true,"valueName":"search_term_string"}}],"inLanguage":"sv-SE"},{"@type":"Organization","@id":"https:\/\/www.fullstory-media.com\/marknadsforing\/#organization","name":"Full Story Media","url":"https:\/\/www.fullstory-media.com\/marknadsforing\/","logo":{"@type":"ImageObject","inLanguage":"sv-SE","@id":"https:\/\/www.fullstory-media.com\/marknadsforing\/#\/schema\/logo\/image\/","url":"https:\/\/www.fullstory-media.com\/marknadsforing\/wp-content\/uploads\/sites\/2\/2021\/10\/Logga.png","contentUrl":"https:\/\/www.fullstory-media.com\/marknadsforing\/wp-content\/uploads\/sites\/2\/2021\/10\/Logga.png","width":721,"height":211,"caption":"Full Story Media"},"image":{"@id":"https:\/\/www.fullstory-media.com\/marknadsforing\/#\/schema\/logo\/image\/"},"sameAs":["https:\/\/x.com\/fullstorymedia","https:\/\/www.instagram.com\/annamaria_magnusson\/","https:\/\/www.linkedin.com\/in\/annamariamagnusson\/"]}]}},"_links":{"self":[{"href":"https:\/\/www.fullstory-media.com\/marknadsforing\/wp-json\/wp\/v2\/pages\/10","targetHints":{"allow":["GET"]}}],"collection":[{"href":"https:\/\/www.fullstory-media.com\/marknadsforing\/wp-json\/wp\/v2\/pages"}],"about":[{"href":"https:\/\/www.fullstory-media.com\/marknadsforing\/wp-json\/wp\/v2\/types\/page"}],"author":[{"embeddable":true,"href":"https:\/\/www.fullstory-media.com\/marknadsforing\/wp-json\/wp\/v2\/users\/1"}],"replies":[{"embeddable":true,"href":"https:\/\/www.fullstory-media.com\/marknadsforing\/wp-json\/wp\/v2\/comments?post=10"}],"version-history":[{"count":159,"href":"https:\/\/www.fullstory-media.com\/marknadsforing\/wp-json\/wp\/v2\/pages\/10\/revisions"}],"predecessor-version":[{"id":2033,"href":"https:\/\/www.fullstory-media.com\/marknadsforing\/wp-json\/wp\/v2\/pages\/10\/revisions\/2033"}],"wp:featuredmedia":[{"embeddable":true,"href":"https:\/\/www.fullstory-media.com\/marknadsforing\/wp-json\/wp\/v2\/media\/1991"}],"wp:attachment":[{"href":"https:\/\/www.fullstory-media.com\/marknadsforing\/wp-json\/wp\/v2\/media?parent=10"}],"curies":[{"name":"wp","href":"https:\/\/api.w.org\/{rel}","templated":true}]}}