{"id":10,"date":"2021-04-16T14:16:36","date_gmt":"2021-04-16T12:16:36","guid":{"rendered":"https:\/\/www.fullstory-media.com\/journalistik\/?page_id=10"},"modified":"2025-03-06T12:30:03","modified_gmt":"2025-03-06T11:30:03","slug":"frilans-journalist","status":"publish","type":"page","link":"https:\/\/www.fullstory-media.com\/journalistik\/","title":{"rendered":"Hem"},"content":{"rendered":"[et_pb_section fb_built=&#8221;1&#8243; admin_label=&#8221;Intro med h2:a&#8221; _builder_version=&#8221;4.16&#8243; _module_preset=&#8221;default&#8221; background_enable_color=&#8221;off&#8221; background_enable_video_mp4=&#8221;off&#8221; custom_margin=&#8221;||0px||false|false&#8221; custom_padding=&#8221;||0px||false|false&#8221; global_colors_info=&#8221;{}&#8221;][et_pb_row _builder_version=&#8221;4.16&#8243; _module_preset=&#8221;default&#8221; max_width=&#8221;600px&#8221; module_alignment=&#8221;center&#8221; custom_margin=&#8221;||0px||false|false&#8221; custom_padding=&#8221;||0px||false|false&#8221; global_colors_info=&#8221;{}&#8221;][et_pb_column type=&#8221;4_4&#8243; _builder_version=&#8221;4.16&#8243; _module_preset=&#8221;default&#8221; global_colors_info=&#8221;{}&#8221;][et_pb_text _builder_version=&#8221;4.27.4&#8243; _module_preset=&#8221;default&#8221; text_orientation=&#8221;justified&#8221; hover_enabled=&#8221;0&#8243; global_colors_info=&#8221;{}&#8221; sticky_enabled=&#8221;0&#8243;]\n<h2 style=\"text-align: center;\">Trespr\u00e5kig frilans journalist<\/h2>\n<p class=\"intro\">Med uppdragsgivare s\u00e5som The Washington Post, Al Jazeera, Goldman environmental prize, SVT och ETC \u00e4r jag van vid att anpassa mig snabbt och g\u00e5r in varje uppdrag med samma entusiasm. Jag lyssnar och utmanar. S\u00e5v\u00e4l dig som mig sj\u00e4lv. Jag \u00e4r sj\u00e4lvg\u00e5ende och levererar i tid. Och jag ser till att vi har roligt tillsammans. Mitt m\u00e5l \u00e4r att skildra samh\u00e4llet och portr\u00e4ttera m\u00e4nniskor. Att rapportera sanningen, oavsett vems. I text, bild och video och p\u00e5 svenska, engelska och nederl\u00e4ndska uppmuntrar jag till f\u00f6rst\u00e5else och dialog. Ber\u00f6r det dig s\u00e5 ber\u00f6r det mig!<\/p>\n[\/et_pb_text][\/et_pb_column][\/et_pb_row][\/et_pb_section][et_pb_section fb_built=&#8221;1&#8243; admin_label=&#8221;Puffar&#8221; module_class=&#8221;home-blurbs&#8221; _builder_version=&#8221;4.16&#8243; _module_preset=&#8221;default&#8221; custom_margin=&#8221;||||false|false&#8221; custom_padding=&#8221;||||false|false&#8221; global_colors_info=&#8221;{}&#8221;][et_pb_row column_structure=&#8221;1_2,1_2&#8243; use_custom_gutter=&#8221;on&#8221; gutter_width=&#8221;3&#8243; make_equal=&#8221;on&#8221; _builder_version=&#8221;4.16&#8243; _module_preset=&#8221;default&#8221; global_colors_info=&#8221;{}&#8221;][et_pb_column type=&#8221;1_2&#8243; _builder_version=&#8221;4.16&#8243; _module_preset=&#8221;default&#8221; global_colors_info=&#8221;{}&#8221;][et_pb_code _builder_version=&#8221;4.16&#8243; _module_preset=&#8221;default&#8221; global_colors_info=&#8221;{}&#8221;]<iframe loading=\"lazy\" src=\"https:\/\/player.vimeo.com\/video\/220793744?texttrack=en-US&#038;autoplay=1&#038;loop=1&#038;autopause=0&#038;muted=1\" width=\"640\" height=\"360\" frameborder=\"0\" allow=\"autoplay; fullscreen\" allowfullscreen><\/iframe>[\/et_pb_code][et_pb_blurb title=&#8221;Uppdrag&#8221; content_max_width=&#8221;1100px&#8221; _builder_version=&#8221;4.23&#8243; _module_preset=&#8221;default&#8221; header_text_align=&#8221;center&#8221; background_enable_video_mp4=&#8221;off&#8221; background_video_pause_outside_viewport=&#8221;off&#8221; text_orientation=&#8221;justified&#8221; width=&#8221;100%&#8221; max_width=&#8221;100%&#8221; custom_margin=&#8221;||0px||false|false&#8221; custom_margin_tablet=&#8221;||0px||false|false&#8221; custom_margin_phone=&#8221;||11px||false|false&#8221; custom_margin_last_edited=&#8221;on|phone&#8221; custom_padding=&#8221;||11px||false|false&#8221; custom_padding_tablet=&#8221;||11px||false|false&#8221; custom_padding_phone=&#8221;||11px||false|false&#8221; custom_padding_last_edited=&#8221;on|phone&#8221; link_option_url=&#8221;\/journalistik\/uppdrag\/&#8221; global_colors_info=&#8221;{}&#8221;]\n<p>H\u00e4r hittar du tidigare uppdrag som visar mitt uttryck som frilans journalist i text, bild och video. Jag skildrar livs\u00f6den, historier, situationer och m\u00e4nskliga utmaningar. N\u00e5gra uppdragsgivare \u00e4r <a href=\"https:\/\/www.washingtonpost.com\/\">The Washington Post<\/a>, Al Jazeera, Goldman environmental prize, SVT, ETC och Omv\u00e4rlden.<\/p>\n[\/et_pb_blurb][et_pb_button button_url=&#8221;\/journalistik\/uppdrag\/&#8221; button_text=&#8221;L\u00e4s mer&#8221; button_alignment=&#8221;center&#8221; module_class=&#8221;read-more&#8221; _builder_version=&#8221;4.16&#8243; _module_preset=&#8221;default&#8221; global_colors_info=&#8221;{}&#8221;][\/et_pb_button][\/et_pb_column][et_pb_column type=&#8221;1_2&#8243; _builder_version=&#8221;4.16&#8243; _module_preset=&#8221;default&#8221; global_colors_info=&#8221;{}&#8221;][et_pb_code _builder_version=&#8221;4.16&#8243; _module_preset=&#8221;default&#8221; global_colors_info=&#8221;{}&#8221;]<iframe loading=\"lazy\" src=\"https:\/\/player.vimeo.com\/video\/105013864?autoplay=1&#038;loop=1&#038;autopause=0&#038;muted=1\" width=\"640\" height=\"360\" frameborder=\"0\" allow=\"autoplay; fullscreen\" allowfullscreen><\/iframe>[\/et_pb_code][et_pb_blurb title=&#8221;Tj\u00e4nster&#8221; content_max_width=&#8221;1100px&#8221; _builder_version=&#8221;4.16&#8243; _module_preset=&#8221;default&#8221; header_text_align=&#8221;center&#8221; text_orientation=&#8221;justified&#8221; custom_margin=&#8221;||0px||false|false&#8221; custom_margin_tablet=&#8221;||0px||false|false&#8221; custom_margin_phone=&#8221;||11px||false|false&#8221; custom_margin_last_edited=&#8221;on|phone&#8221; custom_padding=&#8221;||0px||false|false&#8221; custom_padding_tablet=&#8221;||0px||false|false&#8221; custom_padding_phone=&#8221;||11px||false|false&#8221; custom_padding_last_edited=&#8221;on|phone&#8221; link_option_url=&#8221;\/journalistik\/tjanster\/&#8221; global_colors_info=&#8221;{}&#8221;]\n<p>Filmare, journalist, videograf, skribent, reporter, fotograf, researcher. Jag byter skepnad som en kameleont och ber\u00e4ttar med hj\u00e4lp av text, bild och video. F\u00f6r att kommunicera detaljer och hela historien v\u00e4ljer jag medium efter r\u00f6st. S\u00e5 alla f\u00e5r sin r\u00f6st h\u00f6rd \u2013 p\u00e5 r\u00e4tt s\u00e4tt.<\/p>\n[\/et_pb_blurb][et_pb_button button_url=&#8221;\/journalistik\/tjanster\/&#8221; button_text=&#8221;L\u00e4s mer&#8221; button_alignment=&#8221;center&#8221; module_class=&#8221;read-more&#8221; _builder_version=&#8221;4.16&#8243; _module_preset=&#8221;default&#8221; global_colors_info=&#8221;{}&#8221;][\/et_pb_button][\/et_pb_column][\/et_pb_row][et_pb_row column_structure=&#8221;1_2,1_2&#8243; use_custom_gutter=&#8221;on&#8221; gutter_width=&#8221;3&#8243; make_equal=&#8221;on&#8221; _builder_version=&#8221;4.16&#8243; _module_preset=&#8221;default&#8221; global_colors_info=&#8221;{}&#8221;][et_pb_column type=&#8221;1_2&#8243; _builder_version=&#8221;4.16&#8243; _module_preset=&#8221;default&#8221; global_colors_info=&#8221;{}&#8221;][et_pb_image src=&#8221;https:\/\/www.fullstory-media.com\/journalistik\/wp-content\/uploads\/sites\/3\/2021\/05\/A-M-filmar2.png&#8221; title_text=&#8221;A-M-filmar2&#8243; force_fullwidth=&#8221;on&#8221; _builder_version=&#8221;4.16&#8243; _module_preset=&#8221;default&#8221; global_colors_info=&#8221;{}&#8221;][\/et_pb_image][\/et_pb_column][et_pb_column type=&#8221;1_2&#8243; module_class=&#8221;vertical-flex&#8221; _builder_version=&#8221;4.16&#8243; _module_preset=&#8221;default&#8221; background_enable_color=&#8221;off&#8221; background_enable_video_mp4=&#8221;off&#8221; global_colors_info=&#8221;{}&#8221;][et_pb_blurb title=&#8221;Om mig&#8221; content_max_width=&#8221;1100px&#8221; _builder_version=&#8221;4.16&#8243; _module_preset=&#8221;default&#8221; header_text_align=&#8221;center&#8221; text_orientation=&#8221;justified&#8221; module_alignment=&#8221;left&#8221; custom_margin=&#8221;||||false|false&#8221; custom_padding=&#8221;||||false|false&#8221; link_option_url=&#8221;\/journalistik\/om-mig&#8221; global_colors_info=&#8221;{}&#8221;]\n<p>Jag anpassar mig snabbt och g\u00e5r in varje uppdrag med samma entusiasm. Inget \u00e4r f\u00f6r komplicerat, f\u00f6r snabbt eller f\u00f6r konstigt. Men mycket \u00e4r sp\u00e4nnande. Min nyfikenhet, inlevelsef\u00f6rm\u00e5ga och mitt driv \u00e4r starka punkter. Att f\u00f6rdjupa mig, f\u00f6rtydliga, t\u00e4nka i olika infallsvinklar och h\u00e5lla det kort \u00e4r mitt arbetss\u00e4tt. Jag lyssnar och utmanar. S\u00e5v\u00e4l dig som mig sj\u00e4lv. Jag \u00e4r sj\u00e4lvg\u00e5ende och levererar i tid. Och jag ser till att vi har roligt tillsammans.<\/p>\n[\/et_pb_blurb][et_pb_button button_url=&#8221;\/journalistik\/om-mig&#8221; button_text=&#8221;L\u00e4s mer&#8221; button_alignment=&#8221;center&#8221; module_class=&#8221;read-more&#8221; _builder_version=&#8221;4.16&#8243; _module_preset=&#8221;default&#8221; global_colors_info=&#8221;{}&#8221;][\/et_pb_button][\/et_pb_column][\/et_pb_row][\/et_pb_section][et_pb_section fb_built=&#8221;1&#8243; admin_label=&#8221;CTA&#8221; _builder_version=&#8221;4.16&#8243; _module_preset=&#8221;default&#8221; use_background_color_gradient=&#8221;on&#8221; background_color_gradient_stops=&#8221;rgba(0,0,0,0.92) 0%|rgba(0,0,0,0.92) 100%&#8221; background_color_gradient_overlays_image=&#8221;on&#8221; background_color_gradient_start=&#8221;rgba(0,0,0,0.92)&#8221; background_color_gradient_end=&#8221;rgba(0,0,0,0.92)&#8221; background_enable_image=&#8221;off&#8221; background_video_mp4=&#8221;https:\/\/www.fullstory-media.com\/marknadsforing\/wp-content\/uploads\/sites\/2\/2021\/05\/road-720-fast.mp4&#8243; global_colors_info=&#8221;{}&#8221;][et_pb_row _builder_version=&#8221;4.16&#8243; _module_preset=&#8221;default&#8221; max_width=&#8221;600px&#8221; max_width_tablet=&#8221;480px&#8221; max_width_phone=&#8221;92%&#8221; max_width_last_edited=&#8221;on|phone&#8221; module_alignment=&#8221;center&#8221; global_colors_info=&#8221;{}&#8221;][et_pb_column type=&#8221;4_4&#8243; _builder_version=&#8221;4.16&#8243; _module_preset=&#8221;default&#8221; global_colors_info=&#8221;{}&#8221;][et_pb_text _builder_version=&#8221;4.16&#8243; _module_preset=&#8221;default&#8221; text_orientation=&#8221;center&#8221; background_layout=&#8221;dark&#8221; global_colors_info=&#8221;{}&#8221;]\n<p>Ibland \u00e4r det br\u00e5ttom och ibland m\u00e5ste du planera fram\u00e5t. <br \/>Oavsett situation &#8211; h\u00f6r av dig.<\/p>\n[\/et_pb_text][et_pb_button button_url=&#8221;\/journalistik\/kontakt\/&#8221; button_text=&#8221;Kontakt&#8221; button_alignment=&#8221;center&#8221; module_class=&#8221;read-more-white&#8221; _builder_version=&#8221;4.16&#8243; _module_preset=&#8221;default&#8221; global_colors_info=&#8221;{}&#8221;][\/et_pb_button][\/et_pb_column][\/et_pb_row][\/et_pb_section]\n","protected":false},"excerpt":{"rendered":"<p>Trespr\u00e5kig frilans journalist Med uppdragsgivare s\u00e5som The Washington Post, Al Jazeera, Goldman environmental prize, SVT och ETC \u00e4r jag van vid att anpassa mig snabbt och g\u00e5r in varje uppdrag med samma entusiasm. Jag lyssnar och utmanar. S\u00e5v\u00e4l dig som mig sj\u00e4lv. Jag \u00e4r sj\u00e4lvg\u00e5ende och levererar i tid. Och jag ser till att vi [&hellip;]<\/p>\n","protected":false},"author":1,"featured_media":562,"parent":0,"menu_order":0,"comment_status":"closed","ping_status":"closed","template":"","meta":{"_et_pb_use_builder":"on","_et_pb_old_content":"","_et_gb_content_width":"","footnotes":""},"class_list":["post-10","page","type-page","status-publish","has-post-thumbnail","hentry"],"yoast_head":"<!-- This site is optimized with the Yoast SEO plugin v27.5 - https:\/\/yoast.com\/product\/yoast-seo-wordpress\/ -->\n<title>Frilans journalist med bas i Malm\u00f6 &amp; Amsterdam | Full Story Media<\/title>\n<meta name=\"description\" content=\"Trespr\u00e5kig frilans journalist med uttryckss\u00e4tt i text, bild och video. Uppdragsgivare: The Washington Post, Al Jazeera och SVT.\" \/>\n<meta name=\"robots\" content=\"index, follow, max-snippet:-1, max-image-preview:large, max-video-preview:-1\" \/>\n<link rel=\"canonical\" href=\"https:\/\/www.fullstory-media.com\/journalistik\/\" \/>\n<meta property=\"og:locale\" content=\"sv_SE\" \/>\n<meta property=\"og:type\" content=\"article\" \/>\n<meta property=\"og:title\" content=\"Frilans journalist med bas i Malm\u00f6 &amp; Amsterdam | Full Story Media\" \/>\n<meta property=\"og:description\" content=\"Trespr\u00e5kig frilans journalist med uttryckss\u00e4tt i text, bild och video. Uppdragsgivare: The Washington Post, Al Jazeera och SVT.\" \/>\n<meta property=\"og:url\" content=\"https:\/\/www.fullstory-media.com\/journalistik\/\" \/>\n<meta property=\"og:site_name\" content=\"Journalistik\" \/>\n<meta property=\"article:modified_time\" content=\"2025-03-06T11:30:03+00:00\" \/>\n<meta property=\"og:image\" content=\"https:\/\/www.fullstory-media.com\/journalistik\/wp-content\/uploads\/sites\/3\/2021\/06\/Jag-bild.png\" \/>\n\t<meta property=\"og:image:width\" content=\"607\" \/>\n\t<meta property=\"og:image:height\" content=\"400\" \/>\n\t<meta property=\"og:image:type\" content=\"image\/png\" \/>\n<meta name=\"twitter:card\" content=\"summary_large_image\" \/>\n<meta name=\"twitter:label1\" content=\"Ber\u00e4knad l\u00e4stid\" \/>\n\t<meta name=\"twitter:data1\" content=\"2 minuter\" \/>\n<script type=\"application\/ld+json\" class=\"yoast-schema-graph\">{\"@context\":\"https:\\\/\\\/schema.org\",\"@graph\":[{\"@type\":\"WebPage\",\"@id\":\"https:\\\/\\\/www.fullstory-media.com\\\/journalistik\\\/\",\"url\":\"https:\\\/\\\/www.fullstory-media.com\\\/journalistik\\\/\",\"name\":\"Frilans journalist med bas i Malm\u00f6 & Amsterdam | Full Story Media\",\"isPartOf\":{\"@id\":\"https:\\\/\\\/www.fullstory-media.com\\\/journalistik\\\/#website\"},\"primaryImageOfPage\":{\"@id\":\"https:\\\/\\\/www.fullstory-media.com\\\/journalistik\\\/#primaryimage\"},\"image\":{\"@id\":\"https:\\\/\\\/www.fullstory-media.com\\\/journalistik\\\/#primaryimage\"},\"thumbnailUrl\":\"https:\\\/\\\/www.fullstory-media.com\\\/journalistik\\\/wp-content\\\/uploads\\\/sites\\\/3\\\/2021\\\/06\\\/Jag-bild.png\",\"datePublished\":\"2021-04-16T12:16:36+00:00\",\"dateModified\":\"2025-03-06T11:30:03+00:00\",\"description\":\"Trespr\u00e5kig frilans journalist med uttryckss\u00e4tt i text, bild och video. Uppdragsgivare: The Washington Post, Al Jazeera och SVT.\",\"breadcrumb\":{\"@id\":\"https:\\\/\\\/www.fullstory-media.com\\\/journalistik\\\/#breadcrumb\"},\"inLanguage\":\"sv-SE\",\"potentialAction\":[{\"@type\":\"ReadAction\",\"target\":[\"https:\\\/\\\/www.fullstory-media.com\\\/journalistik\\\/\"]}]},{\"@type\":\"ImageObject\",\"inLanguage\":\"sv-SE\",\"@id\":\"https:\\\/\\\/www.fullstory-media.com\\\/journalistik\\\/#primaryimage\",\"url\":\"https:\\\/\\\/www.fullstory-media.com\\\/journalistik\\\/wp-content\\\/uploads\\\/sites\\\/3\\\/2021\\\/06\\\/Jag-bild.png\",\"contentUrl\":\"https:\\\/\\\/www.fullstory-media.com\\\/journalistik\\\/wp-content\\\/uploads\\\/sites\\\/3\\\/2021\\\/06\\\/Jag-bild.png\",\"width\":607,\"height\":400,\"caption\":\"Frilans journalist med bas i Malm\u00f6 och Amsterdam\"},{\"@type\":\"BreadcrumbList\",\"@id\":\"https:\\\/\\\/www.fullstory-media.com\\\/journalistik\\\/#breadcrumb\",\"itemListElement\":[{\"@type\":\"ListItem\",\"position\":1,\"name\":\"Home\",\"item\":\"https:\\\/\\\/www.fullstory-media.com\\\/journalistik\\\/\"},{\"@type\":\"ListItem\",\"position\":2,\"name\":\"Hem\"}]},{\"@type\":\"WebSite\",\"@id\":\"https:\\\/\\\/www.fullstory-media.com\\\/journalistik\\\/#website\",\"url\":\"https:\\\/\\\/www.fullstory-media.com\\\/journalistik\\\/\",\"name\":\"Journalistik\",\"description\":\"\u00c4nnu en webbplats hos Full Story Media-webbplatser\",\"potentialAction\":[{\"@type\":\"SearchAction\",\"target\":{\"@type\":\"EntryPoint\",\"urlTemplate\":\"https:\\\/\\\/www.fullstory-media.com\\\/journalistik\\\/?s={search_term_string}\"},\"query-input\":{\"@type\":\"PropertyValueSpecification\",\"valueRequired\":true,\"valueName\":\"search_term_string\"}}],\"inLanguage\":\"sv-SE\"}]}<\/script>\n<!-- \/ Yoast SEO plugin. -->","yoast_head_json":{"title":"Frilans journalist med bas i Malm\u00f6 & Amsterdam | Full Story Media","description":"Trespr\u00e5kig frilans journalist med uttryckss\u00e4tt i text, bild och video. Uppdragsgivare: The Washington Post, Al Jazeera och SVT.","robots":{"index":"index","follow":"follow","max-snippet":"max-snippet:-1","max-image-preview":"max-image-preview:large","max-video-preview":"max-video-preview:-1"},"canonical":"https:\/\/www.fullstory-media.com\/journalistik\/","og_locale":"sv_SE","og_type":"article","og_title":"Frilans journalist med bas i Malm\u00f6 & Amsterdam | Full Story Media","og_description":"Trespr\u00e5kig frilans journalist med uttryckss\u00e4tt i text, bild och video. Uppdragsgivare: The Washington Post, Al Jazeera och SVT.","og_url":"https:\/\/www.fullstory-media.com\/journalistik\/","og_site_name":"Journalistik","article_modified_time":"2025-03-06T11:30:03+00:00","og_image":[{"width":607,"height":400,"url":"https:\/\/www.fullstory-media.com\/journalistik\/wp-content\/uploads\/sites\/3\/2021\/06\/Jag-bild.png","type":"image\/png"}],"twitter_card":"summary_large_image","twitter_misc":{"Ber\u00e4knad l\u00e4stid":"2 minuter"},"schema":{"@context":"https:\/\/schema.org","@graph":[{"@type":"WebPage","@id":"https:\/\/www.fullstory-media.com\/journalistik\/","url":"https:\/\/www.fullstory-media.com\/journalistik\/","name":"Frilans journalist med bas i Malm\u00f6 & Amsterdam | Full Story Media","isPartOf":{"@id":"https:\/\/www.fullstory-media.com\/journalistik\/#website"},"primaryImageOfPage":{"@id":"https:\/\/www.fullstory-media.com\/journalistik\/#primaryimage"},"image":{"@id":"https:\/\/www.fullstory-media.com\/journalistik\/#primaryimage"},"thumbnailUrl":"https:\/\/www.fullstory-media.com\/journalistik\/wp-content\/uploads\/sites\/3\/2021\/06\/Jag-bild.png","datePublished":"2021-04-16T12:16:36+00:00","dateModified":"2025-03-06T11:30:03+00:00","description":"Trespr\u00e5kig frilans journalist med uttryckss\u00e4tt i text, bild och video. Uppdragsgivare: The Washington Post, Al Jazeera och SVT.","breadcrumb":{"@id":"https:\/\/www.fullstory-media.com\/journalistik\/#breadcrumb"},"inLanguage":"sv-SE","potentialAction":[{"@type":"ReadAction","target":["https:\/\/www.fullstory-media.com\/journalistik\/"]}]},{"@type":"ImageObject","inLanguage":"sv-SE","@id":"https:\/\/www.fullstory-media.com\/journalistik\/#primaryimage","url":"https:\/\/www.fullstory-media.com\/journalistik\/wp-content\/uploads\/sites\/3\/2021\/06\/Jag-bild.png","contentUrl":"https:\/\/www.fullstory-media.com\/journalistik\/wp-content\/uploads\/sites\/3\/2021\/06\/Jag-bild.png","width":607,"height":400,"caption":"Frilans journalist med bas i Malm\u00f6 och Amsterdam"},{"@type":"BreadcrumbList","@id":"https:\/\/www.fullstory-media.com\/journalistik\/#breadcrumb","itemListElement":[{"@type":"ListItem","position":1,"name":"Home","item":"https:\/\/www.fullstory-media.com\/journalistik\/"},{"@type":"ListItem","position":2,"name":"Hem"}]},{"@type":"WebSite","@id":"https:\/\/www.fullstory-media.com\/journalistik\/#website","url":"https:\/\/www.fullstory-media.com\/journalistik\/","name":"Journalistik","description":"\u00c4nnu en webbplats hos Full Story Media-webbplatser","potentialAction":[{"@type":"SearchAction","target":{"@type":"EntryPoint","urlTemplate":"https:\/\/www.fullstory-media.com\/journalistik\/?s={search_term_string}"},"query-input":{"@type":"PropertyValueSpecification","valueRequired":true,"valueName":"search_term_string"}}],"inLanguage":"sv-SE"}]}},"_links":{"self":[{"href":"https:\/\/www.fullstory-media.com\/journalistik\/wp-json\/wp\/v2\/pages\/10","targetHints":{"allow":["GET"]}}],"collection":[{"href":"https:\/\/www.fullstory-media.com\/journalistik\/wp-json\/wp\/v2\/pages"}],"about":[{"href":"https:\/\/www.fullstory-media.com\/journalistik\/wp-json\/wp\/v2\/types\/page"}],"author":[{"embeddable":true,"href":"https:\/\/www.fullstory-media.com\/journalistik\/wp-json\/wp\/v2\/users\/1"}],"replies":[{"embeddable":true,"href":"https:\/\/www.fullstory-media.com\/journalistik\/wp-json\/wp\/v2\/comments?post=10"}],"version-history":[{"count":186,"href":"https:\/\/www.fullstory-media.com\/journalistik\/wp-json\/wp\/v2\/pages\/10\/revisions"}],"predecessor-version":[{"id":1044,"href":"https:\/\/www.fullstory-media.com\/journalistik\/wp-json\/wp\/v2\/pages\/10\/revisions\/1044"}],"wp:featuredmedia":[{"embeddable":true,"href":"https:\/\/www.fullstory-media.com\/journalistik\/wp-json\/wp\/v2\/media\/562"}],"wp:attachment":[{"href":"https:\/\/www.fullstory-media.com\/journalistik\/wp-json\/wp\/v2\/media?parent=10"}],"curies":[{"name":"wp","href":"https:\/\/api.w.org\/{rel}","templated":true}]}}